is divided by 18?
17
Let z(l) = l**3 - 66*l**2 + 125*l + 240. Calculate the remainder when 2445 is divided by z(64).
45
Suppose 3*n + 2*u - 5 = 0, -n + 0 + 6 = 5*u. Let q(w) = -w. Let f(x) = 38*x - 2. Let b(l) = f(l) - q(l). What is the remainder when b(n) is divided by 19?
18
Let o = 6765 - 5841. Calculate the remainder when o is divided by 320.
284
Suppose -2*z = -3*p + 124, -3*z + 290 = -3*p + 410. Calculate the remainder when 3116 is divided by p.
36
Suppose 21 = -6*n + 681. Calculate the remainder when n is divided by 37.
36
Let w = 1659 + -860. What is the remainder when w is divided by 40?
39
Suppose -5*u - 16 + 6 = 0. Let c(i) = -5*i**2 - 9*i. Let n(t) = -t**2 - 2*t. Let g(m) = u*c(m) + 9*n(m). What is the remainder when 61 is divided by g(4)?
13
Let p = -2781 - -2792. What is the remainder when 39 is divided by p?
6
Let p(y) = -5*y**3 + 86*y**2 + 21*y - 38. Calculate the remainder when p(17) is divided by 157.
137
Suppose -298 - 143 = -9*n. Calculate the remainder when 131 is divided by n.
33
Let h = 153 + -143. Suppose 0 = m + 3*w - 2, -2*w + 38 = -3*m + 7*m. Calculate the remainder when (-21)/(-105) + 318/h is divided by m.
10
What is the remainder when 17173 is divided by (-76)/4788*-399*24*(0 - -1)?
149
Let p = 142 + -111. Let z(n) = 49 + 26*n - 56*n + p*n. What is the remainder when 67 is divided by z(-12)?
30
Let c be (-1)/8*-2 - (-4564)/112. Suppose 8*v = -7 - c. What is the remainder when 89 is divided by 17 + 2*(2 + v/4)?
17
Let j(d) = -d**3 + 24*d**2 + 27*d - 11. Let a(g) = -g**3 + 24*g**2 + 27*g - 11. Let x(n) = 6*a(n) - 5*j(n). What is the remainder when x(25) is divided by 20?
19
Let j(b) = -27*b - 46. Let z be j(-2). What is the remainder when 480 is divided by 19 + z + -1 + -3?
20
Let m(i) = 2*i**2 - 79*i + 867. What is the remainder when 668 is divided by m(15)?
8
Let g = 441 + -275. Let l = g + -106. What is the remainder when l is divided by 9?
6
Calculate the remainder when 171 is divided by (-258)/(-54)*33 - 38/57.
14
Suppose 14*m - 291 = 108 - 77. Calculate the remainder when 520 is divided by m.
14
Suppose -5*a + 959 = 2*i, -a + 388 = a + 3*i. Let w = a - 161. What is the remainder when w is divided by 10?
0
Let n(u) be the first derivative of u**4/2 + 23*u**3/3 - 6*u**2 + 29*u + 29. Calculate the remainder when 72 is divided by n(-12).
14
Let s = -998 + 1361. Calculate the remainder when s is divided by 76.
59
Suppose 0 = 4*v + 2*n - 887 - 203, 4*v + 5*n - 1099 = 0. What is the remainder when v is divided by 263?
8
Let f(m) = 93*m**3 + 2*m**2 - 5*m + 8. Let n = 46 + -12. Calculate the remainder when f(1) is divided by n.
30
Let v = -1992 - -2073. What is the remainder when 565 is divided by v?
79
Suppose g - 13798 + 639 = -5*a, 3*g + 5*a = 39447. Calculate the remainder when g is divided by 11.
10
Let x = 5 - 0. Suppose 0*d + 2*p = 2*d - 316, 3*d - x*p - 464 = 0. Calculate the remainder when d is divided by ((-1)/(-2) - 15/12)/((-2898)/158424).
40
Suppose 4*k = 3*c + 54, k - 13*c - c = 93. Calculate the remainder when 115 + (2/2)/1 is divided by k.
8
Suppose 4016 = 36*g - 26126 - 28286. What is the remainder when g is divided by 41?
24
Let v(j) = j**2 + 13*j + 20. Let b be v(-8). Calculate the remainder when 155 is divided by (3 - 36/10)/(1/b).
11
What is the remainder when 461 is divided by 2359/168 + 17/(-408)?
13
Let t be (42/8)/(1*(-2)/8). Let x = t + 24. Calculate the remainder when (2/((-6)/x))/((-1)/29) is divided by 11.
7
Suppose -n + 25 = 3*g - 2, 8 = 4*g. Suppose 0 = 12*h + 123 - 171. Suppose -k = 0, -3*p - 18 = -h*k - 228. What is the remainder when p is divided by n?
7
Let n(x) = -7*x**2 - 19*x + 16. Let g(o) = o**2 + 1. Let v(s) = 6*g(s) + n(s). What is the remainder when v(-16) is divided by 12?
10
Suppose 430*k - 5526 = 123*k. What is the remainder when 10271 is divided by k?
11
Calculate the remainder when 437 is divided by 187 + ((4 - -2)*1 - 3*4).
75
Suppose 4*c = -12*o + 15*o - 32, 3*c = 4*o - 38. Let s = 61 - 59. Suppose 25 = s*h - 49. What is the remainder when h is divided by o?
5
Let s(n) = n**3 - 12*n**2 + 26*n - 60. Let b be s(10). Suppose w + 4*j = j + 21, w - j - 25 = b. What is the remainder when w is divided by 5?
4
Let o = -436 - -372. Let k = o - -458. Calculate the remainder when k is divided by 66.
64
Suppose -3*b = a - 1359 + 460, -895 = -3*b + a. Let f = 313 - b. Calculate the remainder when 138 is divided by f.
12
Suppose 0*m = -13*m + 2158. Let b = m - 2. What is the remainder when b is divided by 7?
3
Let m(b) = -b**3 - 6*b**2 - 7*b - 6. Let g be m(-5). Let p(n) = g - 1 - 49*n**2 + 53*n**2 - 4*n + n**3. Calculate the remainder when p(-4) is divided by 10.
9
Let t(a) = -387*a - 2705. Suppose 0 = 3*q - 9 - 24. Calculate the remainder when q is divided by t(-7).
3
Let u = -1873 - -1899. Suppose 6 = 4*k - 10. Calculate the remainder when u is divided by k.
2
Suppose 6*i = -4*j + 1666, 2*j - 530 = i + 291. What is the remainder when j is divided by 77?
27
Let l = 7618 + -7034. What is the remainder when l is divided by 104?
64
Let y be (-185)/(-111) + (-530)/3. Let t = 204 + y. Suppose -k + 15 = 2*k. Calculate the remainder when t is divided by k.
4
Let v(n) = 10*n - 36. Let q = -4 - -7. Suppose 0 = 4*r + c - 35, q*c = r - 18 - 7. What is the remainder when v(r) is divided by 22?
20
Suppose -2*x = -3*f + 363, -105*x = -106*x - 3. Calculate the remainder when f is divided by 15.
14
Suppose -3*a + 8 = -c, -2*a - 4 + 16 = -4*c. What is the remainder when 239 is divided by 390/(13 - 0)*(-1)/c?
14
Let m = 11756 - 7536. What is the remainder when m is divided by 63?
62
Let k = -4 + 17. Let h = -97 - -102. Suppose 195 - 40 = h*y. Calculate the remainder when y is divided by k.
5
Suppose -4*x = 3*h - 187, -4*x + h - 150 = -365. Calculate the remainder when x is divided by 42.
10
Let x be 1/2 + 3564/8. Let z = x - 395. What is the remainder when 148 is divided by z?
46
Suppose 13*b = -4*b + 2370 + 61. Calculate the remainder when b is divided by 42.
17
Suppose 12*s - 476 + 745 = 3089. What is the remainder when s is divided by 93?
49
Let y = 260 + -214. Suppose -16 + y = 5*v. What is the remainder when 12 is divided by v?
0
Let j = 86 + -84. Suppose p = 2, -4*p + 35 = j*v - 23. What is the remainder when 79 is divided by v?
4
Let y(z) = 8*z**2 - 14*z**3 - 1 - 9*z**2 + 35*z**3 + z. Suppose 3353*x - 455 = 3340*x. Calculate the remainder when x is divided by y(1).
15
Suppose 0 = v + 4*v - 110. Let g(h) = 4*h**3 + h - 2. Let n be g(1). What is the remainder when n*12/9 - (-84 + 4) is divided by v?
18
Let b = 378 - 308. Calculate the remainder when 65 is divided by (3/(-6))/((-7)/b)*11.
10
Let t(d) = 14*d + 574. Calculate the remainder when t(-37) is divided by (-1)/3 - (-49)/3.
8
Suppose -d + w + 1 = -6*d, d = -3*w - 3. Suppose 13*m + 13*m - 16692 = d. What is the remainder when m is divided by 23?
21
Suppose -4*t - 346 = -2*k, -350 = -2*k - 0*k + 3*t. Suppose -104*n + 98808 = 2044*n. What is the remainder when k is divided by n?
43
What is the remainder when 135 is divided by (45/2 - -2)*(-3024)/(-588)?
9
Suppose 59 - 3349 = -4*w + k, -6 = 3*k. Calculate the remainder when w is divided by 23.
17
Let w be 1 - (-22 - (-3 + 2)). Suppose v + w = 3*v. Let k(g) = 16*g**2 - 55*g - 5. Calculate the remainder when k(4) is divided by v.
9
Suppose 17*m - 16*m + 132 = -3*b, 676 = -5*m + b. Let z = m - -153. Calculate the remainder when 32 is divided by z.
14
Let o(x) = x**2 + 3*x + 15. Let b be o(-4). Suppose b = v + 11. Let c(j) = -j**3 + 10*j**2 - 8*j + 22. Calculate the remainder when c(v) is divided by 18.
14
Let c(s) = -s**2 + 24*s + 69. Let g be c(18). Let a = g - 172. Calculate the remainder when 149 is divided by a.
4
Let f be (361 - 2 - -5)/2. Let s(i) = -i**3 - 2*i**2 - 6*i - 12. Let y be s(-6). Suppose -f = -14*m + y. What is the remainder when 48 is divided by m?
23
What is the remainder when 822 is divided by (-449)/(-2694) + 995/6?
158
Let m(n) = 16*n**2 + 4*n + 20. Calculate the remainder when m(-3) is divided by 110.
42
Suppose 5*v + 3*g - 1628 + 114 = 0, -2*g = -3*v + 878. What is the remainder when 932 is divided by v?
38
What is the remainder when (-2 + -1 - (-2106)/(-36))*(-48)/9 is divided by 69?
52
Suppose z + 3*z = 20. Suppose -z*c = -3*c - 28. Suppose -4*j + 15 = 3*b + j, 0 